{"id":248,"date":"2021-05-18T04:40:38","date_gmt":"2021-05-18T04:40:38","guid":{"rendered":"https:\/\/mslspa.cl\/index.php\/about-us\/"},"modified":"2023-02-05T17:33:09","modified_gmt":"2023-02-05T17:33:09","slug":"about-us","status":"publish","type":"page","link":"https:\/\/mslspa.cl\/index.php\/about-us\/","title":{"rendered":"About Us"},"content":{"rendered":"\t\t<div data-elementor-type=\"wp-page\" data-elementor-id=\"248\" class=\"elementor elementor-248\">\n\t\t\t\t\t\t<section class=\"elementor-section elementor-top-section elementor-element elementor-element-b6d786e elementor-section-content-middle elementor-section-boxed elementor-section-height-default elementor-section-height-default\" data-id=\"b6d786e\" data-element_type=\"section\" data-settings=\"{&quot;background_background&quot;:&quot;classic&quot;}\">\n\t\t\t\t\t\t<div class=\"elementor-container elementor-column-gap-no\">\n\t\t\t\t\t<div class=\"elementor-column elementor-col-50 elementor-top-column elementor-element elementor-element-d2f1e5f\" data-id=\"d2f1e5f\" data-element_type=\"column\">\n\t\t\t<div class=\"elementor-widget-wrap elementor-element-populated\">\n\t\t\t\t\t\t<div class=\"elementor-element elementor-element-8c02fa3 elementor-widget-mobile__width-inherit elementor-widget elementor-widget-heading\" data-id=\"8c02fa3\" data-element_type=\"widget\" data-widget_type=\"heading.default\">\n\t\t\t\t<div class=\"elementor-widget-container\">\n\t\t\t<style>\/*! elementor - v3.21.0 - 08-05-2024 *\/\n.elementor-heading-title{padding:0;margin:0;line-height:1}.elementor-widget-heading .elementor-heading-title[class*=elementor-size-]>a{color:inherit;font-size:inherit;line-height:inherit}.elementor-widget-heading .elementor-heading-title.elementor-size-small{font-size:15px}.elementor-widget-heading .elementor-heading-title.elementor-size-medium{font-size:19px}.elementor-widget-heading .elementor-heading-title.elementor-size-large{font-size:29px}.elementor-widget-heading .elementor-heading-title.elementor-size-xl{font-size:39px}.elementor-widget-heading .elementor-heading-title.elementor-size-xxl{font-size:59px}<\/style><h1 class=\"elementor-heading-title elementor-size-default\">Quienes somos<\/h1>\t\t<\/div>\n\t\t\t\t<\/div>\n\t\t\t\t\t<\/div>\n\t\t<\/div>\n\t\t\t\t<div class=\"elementor-column elementor-col-50 elementor-top-column elementor-element elementor-element-b2b8baf\" data-id=\"b2b8baf\" data-element_type=\"column\">\n\t\t\t<div class=\"elementor-widget-wrap elementor-element-populated\">\n\t\t\t\t\t\t<div class=\"elementor-element elementor-element-d27d16f elementor-widget elementor-widget-image\" data-id=\"d27d16f\" data-element_type=\"widget\" data-widget_type=\"image.default\">\n\t\t\t\t<div class=\"elementor-widget-container\">\n\t\t\t<style>\/*! elementor - v3.21.0 - 08-05-2024 *\/\n.elementor-widget-image{text-align:center}.elementor-widget-image a{display:inline-block}.elementor-widget-image a img[src$=\".svg\"]{width:48px}.elementor-widget-image img{vertical-align:middle;display:inline-block}<\/style>\t\t\t\t\t\t\t\t\t\t<img fetchpriority=\"high\" decoding=\"async\" width=\"600\" height=\"480\" src=\"https:\/\/mslspa.cl\/wp-content\/uploads\/2023\/02\/3-1.png\" class=\"attachment-large size-large wp-image-371\" alt=\"\" srcset=\"https:\/\/mslspa.cl\/wp-content\/uploads\/2023\/02\/3-1.png 600w, https:\/\/mslspa.cl\/wp-content\/uploads\/2023\/02\/3-1-300x240.png 300w\" sizes=\"(max-width: 600px) 100vw, 600px\" \/>\t\t\t\t\t\t\t\t\t\t\t\t\t<\/div>\n\t\t\t\t<\/div>\n\t\t\t\t\t<\/div>\n\t\t<\/div>\n\t\t\t\t\t<\/div>\n\t\t<\/section>\n\t\t\t\t<section class=\"elementor-section elementor-top-section elementor-element elementor-element-061a745 elementor-section-boxed elementor-section-height-default elementor-section-height-default\" data-id=\"061a745\" data-element_type=\"section\" data-settings=\"{&quot;background_background&quot;:&quot;classic&quot;}\">\n\t\t\t\t\t\t<div class=\"elementor-container elementor-column-gap-no\">\n\t\t\t\t\t<div class=\"elementor-column elementor-col-100 elementor-top-column elementor-element elementor-element-b9e486f\" data-id=\"b9e486f\" data-element_type=\"column\">\n\t\t\t<div class=\"elementor-widget-wrap elementor-element-populated\">\n\t\t\t\t\t\t<div class=\"elementor-element elementor-element-8cb829c elementor-widget elementor-widget-heading\" data-id=\"8cb829c\" data-element_type=\"widget\" data-widget_type=\"heading.default\">\n\t\t\t\t<div class=\"elementor-widget-container\">\n\t\t\t<h2 class=\"elementor-heading-title elementor-size-default\">Nuestra empresa<\/h2>\t\t<\/div>\n\t\t\t\t<\/div>\n\t\t\t\t<div class=\"elementor-element elementor-element-ece1ba3 elementor-position-left elementor-vertical-align-top elementor-widget elementor-widget-image-box\" data-id=\"ece1ba3\" data-element_type=\"widget\" data-widget_type=\"image-box.default\">\n\t\t\t\t<div class=\"elementor-widget-container\">\n\t\t\t<style>\/*! elementor - v3.21.0 - 08-05-2024 *\/\n.elementor-widget-image-box .elementor-image-box-content{width:100%}@media (min-width:768px){.elementor-widget-image-box.elementor-position-left .elementor-image-box-wrapper,.elementor-widget-image-box.elementor-position-right .elementor-image-box-wrapper{display:flex}.elementor-widget-image-box.elementor-position-right .elementor-image-box-wrapper{text-align:end;flex-direction:row-reverse}.elementor-widget-image-box.elementor-position-left .elementor-image-box-wrapper{text-align:start;flex-direction:row}.elementor-widget-image-box.elementor-position-top .elementor-image-box-img{margin:auto}.elementor-widget-image-box.elementor-vertical-align-top .elementor-image-box-wrapper{align-items:flex-start}.elementor-widget-image-box.elementor-vertical-align-middle .elementor-image-box-wrapper{align-items:center}.elementor-widget-image-box.elementor-vertical-align-bottom .elementor-image-box-wrapper{align-items:flex-end}}@media (max-width:767px){.elementor-widget-image-box .elementor-image-box-img{margin-left:auto!important;margin-right:auto!important;margin-bottom:15px}}.elementor-widget-image-box .elementor-image-box-img{display:inline-block}.elementor-widget-image-box .elementor-image-box-title a{color:inherit}.elementor-widget-image-box .elementor-image-box-wrapper{text-align:center}.elementor-widget-image-box .elementor-image-box-description{margin:0}<\/style><div class=\"elementor-image-box-wrapper\"><figure class=\"elementor-image-box-img\"><img decoding=\"async\" width=\"1200\" height=\"900\" src=\"https:\/\/mslspa.cl\/wp-content\/uploads\/2023\/02\/Medical-Center.jpg\" class=\"attachment-full size-full wp-image-296\" alt=\"\" srcset=\"https:\/\/mslspa.cl\/wp-content\/uploads\/2023\/02\/Medical-Center.jpg 1200w, https:\/\/mslspa.cl\/wp-content\/uploads\/2023\/02\/Medical-Center-300x225.jpg 300w, https:\/\/mslspa.cl\/wp-content\/uploads\/2023\/02\/Medical-Center-1024x768.jpg 1024w, https:\/\/mslspa.cl\/wp-content\/uploads\/2023\/02\/Medical-Center-768x576.jpg 768w\" sizes=\"(max-width: 1200px) 100vw, 1200px\" \/><\/figure><div class=\"elementor-image-box-content\"><h4 class=\"elementor-image-box-title\">Asesor\u00edas y Servicios MSL SPA\u200b<\/h4><p class=\"elementor-image-box-description\">Es una empresa Chilena con enfoque global, que brinda soluciones integrales de excelencia a sus clientes y que opera en redes profesionales nacionales e internacionales. Mediante metodolog\u00edas de vanguardia y equipos de consultor\u00eda especializada con amplia y destacada trayectoria profesional que garantizan los resultados exitosos para nuestros clientes.<br><br> Adecuamos nuestros servicios a la soluci\u00f3n efectiva de problemas de los clientes abarcando \u00e1reas como gesti\u00f3n de riesgo y corporate compliance, estrategias y desarrollo de negocios nacionales e internacionales, redise\u00f1o de procesos y cambio organizacional en entorno VUCA, econom\u00eda circular y cambio clim\u00e1tico.<br><br>\n\n<\/p><\/div><\/div>\t\t<\/div>\n\t\t\t\t<\/div>\n\t\t\t\t<div class=\"elementor-element elementor-element-ef8d922 elementor-widget__width-initial elementor-widget-mobile__width-inherit elementor-vertical-align-top elementor-widget elementor-widget-image-box\" data-id=\"ef8d922\" data-element_type=\"widget\" data-widget_type=\"image-box.default\">\n\t\t\t\t<div class=\"elementor-widget-container\">\n\t\t\t<div class=\"elementor-image-box-wrapper\"><div class=\"elementor-image-box-content\"><h3 class=\"elementor-image-box-title\">Misi\u00f3n<\/h3><p class=\"elementor-image-box-description\">Fortalecer de manera integral y verificable la productividad, la innovaci\u00f3n y la sustentabilidad de empresas y organizaciones.<\/p><\/div><\/div>\t\t<\/div>\n\t\t\t\t<\/div>\n\t\t\t\t<div class=\"elementor-element elementor-element-b8a2161 elementor-widget__width-initial elementor-widget-mobile__width-inherit elementor-vertical-align-top elementor-widget elementor-widget-image-box\" data-id=\"b8a2161\" data-element_type=\"widget\" data-widget_type=\"image-box.default\">\n\t\t\t\t<div class=\"elementor-widget-container\">\n\t\t\t<div class=\"elementor-image-box-wrapper\"><div class=\"elementor-image-box-content\"><h3 class=\"elementor-image-box-title\">Vision<\/h3><p class=\"elementor-image-box-description\">Queremos superar las expectativas de nuestros clientes brindando servicios y soluciones integrales, eficaces, eficientes y responsables con la excelencia, el medio ambiente y la sustentabilidad de los negocios.<\/p><\/div><\/div>\t\t<\/div>\n\t\t\t\t<\/div>\n\t\t\t\t\t<\/div>\n\t\t<\/div>\n\t\t\t\t\t<\/div>\n\t\t<\/section>\n\t\t\t\t<\/div>\n\t\t","protected":false},"excerpt":{"rendered":"<p>Quienes somos Nuestra empresa Asesor\u00edas y Servicios MSL SPA\u200b Es una empresa Chilena con enfoque global, que brinda soluciones integrales de excelencia a sus clientes y que opera en redes profesionales nacionales e internacionales. Mediante metodolog\u00edas de vanguardia y equipos de consultor\u00eda especializada con amplia y destacada trayectoria profesional que garantizan los resultados exitosos para &hellip;<\/p>\n<p class=\"read-more\"> <a class=\"\" href=\"https:\/\/mslspa.cl\/index.php\/about-us\/\"> <span class=\"screen-reader-text\">About Us<\/span> Read More &raquo;<\/a><\/p>\n","protected":false},"author":1,"featured_media":0,"parent":0,"menu_order":0,"comment_status":"closed","ping_status":"closed","template":"","meta":{"_uag_custom_page_level_css":"","site-sidebar-layout":"no-sidebar","site-content-layout":"page-builder","ast-global-header-display":"","ast-main-header-display":"","ast-hfb-above-header-display":"","ast-hfb-below-header-display":"","ast-hfb-mobile-header-display":"","site-post-title":"disabled","ast-breadcrumbs-content":"","ast-featured-img":"disabled","footer-sml-layout":"","theme-transparent-header-meta":"default","adv-header-id-meta":"","stick-header-meta":"","header-above-stick-meta":"","header-main-stick-meta":"","header-below-stick-meta":"","footnotes":""},"yoast_head":"<!-- This site is optimized with the Yoast SEO plugin v22.6 - https:\/\/yoast.com\/wordpress\/plugins\/seo\/ -->\n<title>Servicios de gesti\u00f3n integral y desarrollo de negocios<\/title>\n<meta name=\"robots\" content=\"index, follow, max-snippet:-1, max-image-preview:large, max-video-preview:-1\" \/>\n<link rel=\"canonical\" href=\"https:\/\/mslspa.cl\/index.php\/about-us\/\" \/>\n<meta property=\"og:locale\" content=\"en_US\" \/>\n<meta property=\"og:type\" content=\"article\" \/>\n<meta property=\"og:title\" content=\"Servicios de gesti\u00f3n integral y desarrollo de negocios\" \/>\n<meta property=\"og:description\" content=\"Quienes somos Nuestra empresa Asesor\u00edas y Servicios MSL SPA\u200b Es una empresa Chilena con enfoque global, que brinda soluciones integrales de excelencia a sus clientes y que opera en redes profesionales nacionales e internacionales. Mediante metodolog\u00edas de vanguardia y equipos de consultor\u00eda especializada con amplia y destacada trayectoria profesional que garantizan los resultados exitosos para &hellip; About Us Read More &raquo;\" \/>\n<meta property=\"og:url\" content=\"https:\/\/mslspa.cl\/index.php\/about-us\/\" \/>\n<meta property=\"og:site_name\" content=\"A&amp;S MSL SpA\" \/>\n<meta property=\"article:modified_time\" content=\"2023-02-05T17:33:09+00:00\" \/>\n<meta property=\"og:image\" content=\"http:\/\/mslspa.cl\/wp-content\/uploads\/2023\/02\/3-1.png\" \/>\n<meta name=\"twitter:card\" content=\"summary_large_image\" \/>\n<meta name=\"twitter:label1\" content=\"Est. reading time\" \/>\n\t<meta name=\"twitter:data1\" content=\"2 minutes\" \/>\n<script type=\"application\/ld+json\" class=\"yoast-schema-graph\">{\"@context\":\"https:\/\/schema.org\",\"@graph\":[{\"@type\":\"WebPage\",\"@id\":\"https:\/\/mslspa.cl\/index.php\/about-us\/\",\"url\":\"https:\/\/mslspa.cl\/index.php\/about-us\/\",\"name\":\"Servicios de gesti\u00f3n integral y desarrollo de negocios\",\"isPartOf\":{\"@id\":\"https:\/\/mslspa.cl\/#website\"},\"primaryImageOfPage\":{\"@id\":\"https:\/\/mslspa.cl\/index.php\/about-us\/#primaryimage\"},\"image\":{\"@id\":\"https:\/\/mslspa.cl\/index.php\/about-us\/#primaryimage\"},\"thumbnailUrl\":\"http:\/\/mslspa.cl\/wp-content\/uploads\/2023\/02\/3-1.png\",\"datePublished\":\"2021-05-18T04:40:38+00:00\",\"dateModified\":\"2023-02-05T17:33:09+00:00\",\"breadcrumb\":{\"@id\":\"https:\/\/mslspa.cl\/index.php\/about-us\/#breadcrumb\"},\"inLanguage\":\"en-US\",\"potentialAction\":[{\"@type\":\"ReadAction\",\"target\":[\"https:\/\/mslspa.cl\/index.php\/about-us\/\"]}]},{\"@type\":\"ImageObject\",\"inLanguage\":\"en-US\",\"@id\":\"https:\/\/mslspa.cl\/index.php\/about-us\/#primaryimage\",\"url\":\"http:\/\/mslspa.cl\/wp-content\/uploads\/2023\/02\/3-1.png\",\"contentUrl\":\"http:\/\/mslspa.cl\/wp-content\/uploads\/2023\/02\/3-1.png\"},{\"@type\":\"BreadcrumbList\",\"@id\":\"https:\/\/mslspa.cl\/index.php\/about-us\/#breadcrumb\",\"itemListElement\":[{\"@type\":\"ListItem\",\"position\":1,\"name\":\"Home\",\"item\":\"https:\/\/mslspa.cl\/\"},{\"@type\":\"ListItem\",\"position\":2,\"name\":\"About Us\"}]},{\"@type\":\"WebSite\",\"@id\":\"https:\/\/mslspa.cl\/#website\",\"url\":\"https:\/\/mslspa.cl\/\",\"name\":\"Asesor\u00edas y Servicios MSL SPA\",\"description\":\"\",\"publisher\":{\"@id\":\"https:\/\/mslspa.cl\/#organization\"},\"potentialAction\":[{\"@type\":\"SearchAction\",\"target\":{\"@type\":\"EntryPoint\",\"urlTemplate\":\"https:\/\/mslspa.cl\/?s={search_term_string}\"},\"query-input\":\"required name=search_term_string\"}],\"inLanguage\":\"en-US\"},{\"@type\":\"Organization\",\"@id\":\"https:\/\/mslspa.cl\/#organization\",\"name\":\"MSL SPA\",\"url\":\"https:\/\/mslspa.cl\/\",\"logo\":{\"@type\":\"ImageObject\",\"inLanguage\":\"en-US\",\"@id\":\"https:\/\/mslspa.cl\/#\/schema\/logo\/image\/\",\"url\":\"https:\/\/mslspa.cl\/wp-content\/uploads\/2023\/02\/cropped-logo-removebg-preview.png\",\"contentUrl\":\"https:\/\/mslspa.cl\/wp-content\/uploads\/2023\/02\/cropped-logo-removebg-preview.png\",\"width\":812,\"height\":271,\"caption\":\"MSL SPA\"},\"image\":{\"@id\":\"https:\/\/mslspa.cl\/#\/schema\/logo\/image\/\"}}]}<\/script>\n<!-- \/ Yoast SEO plugin. -->","yoast_head_json":{"title":"Servicios de gesti\u00f3n integral y desarrollo de negocios","robots":{"index":"index","follow":"follow","max-snippet":"max-snippet:-1","max-image-preview":"max-image-preview:large","max-video-preview":"max-video-preview:-1"},"canonical":"https:\/\/mslspa.cl\/index.php\/about-us\/","og_locale":"en_US","og_type":"article","og_title":"Servicios de gesti\u00f3n integral y desarrollo de negocios","og_description":"Quienes somos Nuestra empresa Asesor\u00edas y Servicios MSL SPA\u200b Es una empresa Chilena con enfoque global, que brinda soluciones integrales de excelencia a sus clientes y que opera en redes profesionales nacionales e internacionales. Mediante metodolog\u00edas de vanguardia y equipos de consultor\u00eda especializada con amplia y destacada trayectoria profesional que garantizan los resultados exitosos para &hellip; About Us Read More &raquo;","og_url":"https:\/\/mslspa.cl\/index.php\/about-us\/","og_site_name":"A&amp;S MSL SpA","article_modified_time":"2023-02-05T17:33:09+00:00","og_image":[{"url":"http:\/\/mslspa.cl\/wp-content\/uploads\/2023\/02\/3-1.png"}],"twitter_card":"summary_large_image","twitter_misc":{"Est. reading time":"2 minutes"},"schema":{"@context":"https:\/\/schema.org","@graph":[{"@type":"WebPage","@id":"https:\/\/mslspa.cl\/index.php\/about-us\/","url":"https:\/\/mslspa.cl\/index.php\/about-us\/","name":"Servicios de gesti\u00f3n integral y desarrollo de negocios","isPartOf":{"@id":"https:\/\/mslspa.cl\/#website"},"primaryImageOfPage":{"@id":"https:\/\/mslspa.cl\/index.php\/about-us\/#primaryimage"},"image":{"@id":"https:\/\/mslspa.cl\/index.php\/about-us\/#primaryimage"},"thumbnailUrl":"http:\/\/mslspa.cl\/wp-content\/uploads\/2023\/02\/3-1.png","datePublished":"2021-05-18T04:40:38+00:00","dateModified":"2023-02-05T17:33:09+00:00","breadcrumb":{"@id":"https:\/\/mslspa.cl\/index.php\/about-us\/#breadcrumb"},"inLanguage":"en-US","potentialAction":[{"@type":"ReadAction","target":["https:\/\/mslspa.cl\/index.php\/about-us\/"]}]},{"@type":"ImageObject","inLanguage":"en-US","@id":"https:\/\/mslspa.cl\/index.php\/about-us\/#primaryimage","url":"http:\/\/mslspa.cl\/wp-content\/uploads\/2023\/02\/3-1.png","contentUrl":"http:\/\/mslspa.cl\/wp-content\/uploads\/2023\/02\/3-1.png"},{"@type":"BreadcrumbList","@id":"https:\/\/mslspa.cl\/index.php\/about-us\/#breadcrumb","itemListElement":[{"@type":"ListItem","position":1,"name":"Home","item":"https:\/\/mslspa.cl\/"},{"@type":"ListItem","position":2,"name":"About Us"}]},{"@type":"WebSite","@id":"https:\/\/mslspa.cl\/#website","url":"https:\/\/mslspa.cl\/","name":"Asesor\u00edas y Servicios MSL SPA","description":"","publisher":{"@id":"https:\/\/mslspa.cl\/#organization"},"potentialAction":[{"@type":"SearchAction","target":{"@type":"EntryPoint","urlTemplate":"https:\/\/mslspa.cl\/?s={search_term_string}"},"query-input":"required name=search_term_string"}],"inLanguage":"en-US"},{"@type":"Organization","@id":"https:\/\/mslspa.cl\/#organization","name":"MSL SPA","url":"https:\/\/mslspa.cl\/","logo":{"@type":"ImageObject","inLanguage":"en-US","@id":"https:\/\/mslspa.cl\/#\/schema\/logo\/image\/","url":"https:\/\/mslspa.cl\/wp-content\/uploads\/2023\/02\/cropped-logo-removebg-preview.png","contentUrl":"https:\/\/mslspa.cl\/wp-content\/uploads\/2023\/02\/cropped-logo-removebg-preview.png","width":812,"height":271,"caption":"MSL SPA"},"image":{"@id":"https:\/\/mslspa.cl\/#\/schema\/logo\/image\/"}}]}},"uagb_featured_image_src":{"full":false,"thumbnail":false,"medium":false,"medium_large":false,"large":false,"1536x1536":false,"2048x2048":false},"uagb_author_info":{"display_name":"zamorano.francisco84@gmail.com","author_link":"https:\/\/mslspa.cl\/index.php\/author\/zamorano-francisco84gmail-com\/"},"uagb_comment_info":0,"uagb_excerpt":"Quienes somos Nuestra empresa Asesor\u00edas y Servicios MSL SPA\u200b Es una empresa Chilena con enfoque global, que brinda soluciones integrales de excelencia a sus clientes y que opera en redes profesionales nacionales e internacionales. Mediante metodolog\u00edas de vanguardia y equipos de consultor\u00eda especializada con amplia y destacada trayectoria profesional que garantizan los resultados exitosos para&hellip;","_links":{"self":[{"href":"https:\/\/mslspa.cl\/index.php\/wp-json\/wp\/v2\/pages\/248"}],"collection":[{"href":"https:\/\/mslspa.cl\/index.php\/wp-json\/wp\/v2\/pages"}],"about":[{"href":"https:\/\/mslspa.cl\/index.php\/wp-json\/wp\/v2\/types\/page"}],"author":[{"embeddable":true,"href":"https:\/\/mslspa.cl\/index.php\/wp-json\/wp\/v2\/users\/1"}],"replies":[{"embeddable":true,"href":"https:\/\/mslspa.cl\/index.php\/wp-json\/wp\/v2\/comments?post=248"}],"version-history":[{"count":16,"href":"https:\/\/mslspa.cl\/index.php\/wp-json\/wp\/v2\/pages\/248\/revisions"}],"predecessor-version":[{"id":405,"href":"https:\/\/mslspa.cl\/index.php\/wp-json\/wp\/v2\/pages\/248\/revisions\/405"}],"wp:attachment":[{"href":"https:\/\/mslspa.cl\/index.php\/wp-json\/wp\/v2\/media?parent=248"}],"curies":[{"name":"wp","href":"https:\/\/api.w.org\/{rel}","templated":true}]}}